{"id":22,"date":"2016-03-09T07:33:40","date_gmt":"2016-03-09T07:33:40","guid":{"rendered":"http:\/\/hebammenpraxis-inntal.de\/?page_id=22"},"modified":"2025-05-29T17:07:24","modified_gmt":"2025-05-29T17:07:24","slug":"kursangebot","status":"publish","type":"page","link":"https:\/\/hebammenpraxis-inntal.de\/?page_id=22","title":{"rendered":"Kursangebot"},"content":{"rendered":"<p><strong>Unsere Kursangebote finden in geschlossenen kleinen Gruppen statt.<\/strong> <strong> R\u00fcckbildungskurse finden ohne Kinder statt. <\/strong><strong>Teilnahme nur nach telefonischer Voranmeldung.<\/strong><\/p>\n<p><span style=\"color: #ff0000;\"><strong>Geburtsvorbereitungskurse:\u00a0<\/strong><\/span><\/p>\n<p>Geburtsvorbereitungskurs:\u00a0<\/p>\n<p><strong><span style=\"color: #ff0000;\">R\u00fcckbildungskurse<\/span><\/strong><\/p>\n<p><strong>Freitag 27.06.-01.08.2025 <\/strong><\/p>\n<p><strong>16:30 Uhr &#8211; 18:00 Uhr ohne Kind 5x Freitags 2x Mittwochs<\/strong><\/p>\n<p><em><strong>Anmeldung bei Elisabeth Steer unter 08034\/7607<\/strong><\/em><\/p>\n<p>\u00a0<\/p>\n<p>\u00a0<\/p>\n<p>Anmeldungen bitte direkt bei der jeweiligen Kursleitung.<\/p>\n<p><strong>Elisabeth Steer 0 80 34 &#8211; 76 07<\/strong><\/p>\n<p><strong>Anja Steinberger 0 80 31 &#8211; 30 49 292<\/strong><\/p>\n<h1>\u00a0<\/h1>\n<h1>\u00a0<\/h1>\n<h1><strong>Einf\u00fchrung von B(r)eikost<\/strong><\/h1>\n\n\n<p class=\"has-text-align-center\"><\/p>\n\n\n<h3>von der Brust\/Flasche an den Tisch<\/h3>\n<p>Tipps zur gesunden Ern\u00e4hrung im 1. Lebensjahr, Umstellung von Muttermilch, bzw. Zusatznahrung auf den ersten Brei, Einbeziehung am Familientisch, Umgang mit Allergien, Infos zum Abstillen.<\/p>\n<p><em>Freitags 9.00 &#8211; 11.00 Uhr<\/em><\/p>\n<p>Kursgeb\u00fchr 20,- \u20ac<br \/>Telefonische Anmeldung bei Elisabeth Steer (08034\/7607)<br \/>Kinder k\u00f6nnen gerne mitgebracht werden.<\/p>\n<h1 style=\"text-align: right;\">Geburtsvorbereitungskurse<\/h1>\n<p style=\"text-align: right;\">Dieser Kurs soll Ihnen Zeit und Raum geben, um sich mit Atem- und Entspannungs\u00fcbungen, sanften Bewegungen und Massagen auf Ihre F\u00e4higkeiten zu besinnen, Ihr K\u00f6rperbewusstsein zu st\u00e4rken und Ihre Atmung zu vertiefen.<br \/>Es bleibt gen\u00fcgend Zeit Fragen \u00fcber Schwangerschaft, Geburt und Wochenbett zu stellen und Erfahrungen auszutauschen.<br \/>Ein Partnerabend findet statt, um sich gemeinsam auf die neue Rolle des Elternwerdens vorzubereiten.<\/p>\n<p style=\"text-align: right;\"><em>Abendkurs: Mo.\/Die.\/Do.\u00a0\u00a0\u00a0\u00a0\u00a0\u00a0\u00a0\u00a0\u00a0\u00a0\u00a0\u00a0\u00a0\u00a0 7 x 18.45 &#8211; 21.00 Uhr<\/em><\/p>\n<p style=\"text-align: right;\">(Partnerabend EUR 10,- je Std. \/ Partner)<\/p>\n<p style=\"text-align: right;\">\u00a0<\/p>\n<h1>Babymassage ab 6. Lebenswoche<\/h1>\n<p>Zeit haben durch bewusstes Ber\u00fchren, die Bindung und Beziehung zum Kind zu st\u00e4rken. Die harmonische Babymassage (nach Bruno Walter) f\u00f6rdert gezielt ganz bestimmte Entwicklungsabl\u00e4ufe und beeinflusst diese durch Sinnesreize wie Farben, D\u00fcfte, Musik und Kl\u00e4nge.<\/p>\n<p><em>\u00a0 \u00a0 \u00a0 \u00a0 \u00a0 \u00a0 \u00a0 \u00a0 \u00a0 \u00a0 \u00a0 \u00a0 \u00a0 \u00a0 \u00a0 \u00a0 \u00a0 \u00a0<\/em><\/p>\n<p class=\"has-text-align-center has-text-color\"><strong>Start Babymassage Mittwochs 24.09.2025<\/strong><\/p>\n<p class=\"has-text-align-center\"><strong>Mittwochs 9:30 Uhr 5 Termine 85 Euro<\/strong><\/p>\n<p class=\"has-text-align-center\"><strong>Der Kurs findet an folgenden Terminen statt:\u00a0 24.09.; 01.10.; 08.10.; 15.10. und 22.10.;<\/strong><\/p>\n<p class=\"has-text-align-center\">Anmeldung bei Simone Maurer unter 0157 71071388<\/p>\n<p class=\"has-text-align-center\">oder hallobaby@mail.de<\/p>\n<p class=\"has-text-align-center\">\u00a0<\/p>\n<h1>\u00a0<\/h1>\n<h1 style=\"text-align: right;\">R\u00fcckbildungsgymnastik<\/h1>\n<p style=\"text-align: right;\">\u00dcbungen zur St\u00e4rkung und Kr\u00e4ftigung des Beckenbodens, sowie der Bauch- und R\u00fcckenmuskulatur, WS-Gymnastik, sowie Wiederfindung Ihrer Mitte mit Yoga- und Entspannungs\u00fcbungen. Die Kurse sind geschlossen und bauen aufeinander auf.<\/p>\n<p style=\"text-align: right;\"><em>Vormittagskurs (mit Babys m\u00f6glich): Mo.\/Mi.\u00a0 \u00a0 7 x 1,5 Std.\u00a0 \u00a0\/\u00a0 \u00a0 \u00a08 x 1 Std.<br \/>Abendkurs (ohne Baby): Mo.\/Di.\/Fr.<\/em>\u00a0 \u00a0 \u00a0 7 x 1,5 Std.\u00a0 \u00a0 \u00a0 \u00a0 \u00a0\/\u00a0 \u00a0 \u00a0 <em>8 x 1 Std.<\/em><\/p>\n<p style=\"text-align: right;\">\u00a0<\/p>\n<p>K\u00f6rperarbeit und Beckenboden &#8211;<\/p>\n<h3 style=\"text-align: right;\">aufbauend nach dem R\u00fcckbildungskurs<\/h3>\n<p style=\"text-align: right;\">Mit Energie, Ausdauer, Spa\u00df an der Musik und Bewegung sich selber wieder sp\u00fcren d\u00fcrfen und ein wenig mehr den Fitnessgedanken aufgreifen.<\/p>\n<p style=\"text-align: right;\"><em>8 x 1 Std.<\/em><\/p>\n<p style=\"text-align: right;\">keine Kassenleistung<br \/>(Anmeldung bei Elisabeth Steer 0 80 34 &#8211; 76 07)<\/p>\n<p style=\"text-align: right;\">\u00a0<\/p>\n<p style=\"text-align: right;\">\u00a0<\/p>\n\n\n<p><\/p>\n","protected":false},"excerpt":{"rendered":"<p>Unsere Kursangebote finden in geschlossenen kleinen Gruppen statt. R\u00fcckbildungskurse finden ohne Kinder statt. Teilnahme nur nach telefonischer Voranmeldung. Geburtsvorbereitungskurse:\u00a0 Geburtsvorbereitungskurs:\u00a0 R\u00fcckbildungskurse Freitag 27.06.-01.08.2025 16:30 Uhr &#8211; 18:00 Uhr ohne Kind 5x Freitags 2x Mittwochs Anmeldung bei Elisabeth Steer unter 08034\/7607 &hellip; <a href=\"https:\/\/hebammenpraxis-inntal.de\/?page_id=22\">Weiterlesen <span class=\"meta-nav\">&rarr;<\/span><\/a><\/p>\n","protected":false},"author":1,"featured_media":0,"parent":0,"menu_order":0,"comment_status":"closed","ping_status":"closed","template":"","meta":[],"_links":{"self":[{"href":"https:\/\/hebammenpraxis-inntal.de\/index.php?rest_route=\/wp\/v2\/pages\/22"}],"collection":[{"href":"https:\/\/hebammenpraxis-inntal.de\/index.php?rest_route=\/wp\/v2\/pages"}],"about":[{"href":"https:\/\/hebammenpraxis-inntal.de\/index.php?rest_route=\/wp\/v2\/types\/page"}],"author":[{"embeddable":true,"href":"https:\/\/hebammenpraxis-inntal.de\/index.php?rest_route=\/wp\/v2\/users\/1"}],"replies":[{"embeddable":true,"href":"https:\/\/hebammenpraxis-inntal.de\/index.php?rest_route=%2Fwp%2Fv2%2Fcomments&post=22"}],"version-history":[{"count":56,"href":"https:\/\/hebammenpraxis-inntal.de\/index.php?rest_route=\/wp\/v2\/pages\/22\/revisions"}],"predecessor-version":[{"id":265,"href":"https:\/\/hebammenpraxis-inntal.de\/index.php?rest_route=\/wp\/v2\/pages\/22\/revisions\/265"}],"wp:attachment":[{"href":"https:\/\/hebammenpraxis-inntal.de\/index.php?rest_route=%2Fwp%2Fv2%2Fmedia&parent=22"}],"curies":[{"name":"wp","href":"https:\/\/api.w.org\/{rel}","templated":true}]}}